test common factor of 135 and 5?
5
What is the greatest common factor of 3800 and 1216?
152
What is the greatest common divisor of 8683 and 57?
19
What is the greatest common factor of 2 and 18?
2
Calculate the greatest common divisor of 6 and 39.
3
What is the highest common factor of 40 and 360?
40
What is the highest common divisor of 105 and 75?
15
Calculate the highest common divisor of 10496 and 41.
41
What is the highest common divisor of 644 and 69?
23
What is the highest common factor of 37179 and 27?
27
What is the highest common factor of 2322 and 6?
6
What is the highest common factor of 665 and 70?
35
What is the greatest common divisor of 7258 and 190?
38
Calculate the greatest common divisor of 10 and 1280.
10
Calculate the greatest common divisor of 192 and 240.
48
What is the highest common factor of 157 and 1?
1
What is the highest common factor of 68 and 8?
4
Calculate the highest common divisor of 13 and 2353.
13
Calculate the greatest common factor of 118 and 1593.
59
What is the greatest common factor of 35 and 24815?
35
What is the highest common divisor of 90 and 477?
9
What is the greatest common factor of 62 and 434?
62
What is the highest common divisor of 58 and 2?
2
Calculate the highest common factor of 75 and 30.
15
Calculate the greatest common divisor of 2550 and 204.
102
What is the highest common divisor of 69 and 1817?
23
Calculate the highest common divisor of 16 and 512.
16
Calculate the highest common factor of 1456 and 273.
91
What is the highest common factor of 12 and 2400?
12
What is the greatest common divisor of 20 and 880?
20
Calculate the greatest common factor of 288 and 252.
36
Calculate the greatest common divisor of 720 and 2340.
180
What is the highest common divisor of 289 and 153?
17
Calculate the highest common factor of 14 and 119182.
14
What is the greatest common divisor of 528 and 1815?
33
What is the greatest common divisor of 200 and 32?
8
What is the greatest common divisor of 256 and 12?
4
Calculate the greatest common factor of 231 and 133.
7
What is the highest common factor of 2560 and 10?
10
Calculate the highest common divisor of 464 and 58.
58
What is the greatest common divisor of 2661 and 3?
3
What is the highest common factor of 34 and 20621?
17
What is the highest common factor of 72 and 198?
18
What is the highest common factor of 37328 and 16?
16
Calculate the greatest common divisor of 4334 and 110.
22
Calculate the greatest common factor of 104 and 2743.
13
Calculate the greatest common divisor of 8 and 1528.
8
Calculate the greatest common divisor of 2728 and 308.
44
Calculate the highest common divisor of 10755 and 135.
45
What is the greatest common divisor of 13581 and 18?
9
What is the highest common factor of 99 and 3300?
33
Calculate the highest common divisor of 25 and 320.
5
Calculate the highest common factor of 424 and 24.
8
What is the highest common divisor of 733 and 1?
1
What is the greatest common factor of 33 and 1639?
11
What is the highest common factor of 86 and 215?
43
What is the highest common divisor of 5 and 365?
5
What is the greatest common factor of 122 and 61?
61
Calculate the greatest common divisor of 18 and 144.
18
What is the highest common divisor of 37 and 3774?
37
Calculate the highest common factor of 6665 and 465.
155
Calculate the greatest common factor of 816 and 3536.
272
Calculate the highest common divisor of 15 and 465.
15
Calculate the greatest common divisor of 1208 and 8.
8
What is the highest common factor of 392 and 42?
14
Calculate the greatest common divisor of 15111 and 207.
207
What is the greatest common divisor of 1363 and 116?
29
Calculate the highest common factor of 560 and 40.
40
Calculate the highest common factor of 180 and 240.
60
What is the highest common factor of 278 and 2?
2
Calculate the highest common factor of 930 and 651.
93
What is the highest common factor of 8 and 2648?
8
Calculate the highest common factor of 288 and 270.
18
What is the highest common factor of 34 and 119?
17
What is the highest common divisor of 665 and 3040?
95
What is the highest common factor of 416 and 64?
32
What is the greatest common factor of 49 and 560?
7
Calculate the highest common factor of 144 and 656.
16
Calculate the greatest common divisor of 7 and 56.
7
What is the greatest common factor of 170 and 190?
10
Calculate the highest common divisor of 5 and 2.
1
Calculate the highest common divisor of 277 and 43489.
277
Calculate the highest common factor of 330 and 1595.
55
Calculate the greatest common factor of 70 and 42350.
70
What is the greatest common factor of 215 and 1032?
43
What is the greatest common divisor of 36 and 1332?
36
Calculate the greatest common divisor of 34 and 27574.
34
Calculate the greatest common factor of 9 and 61.
1
What is the highest common factor of 704 and 220?
44
Calculate the highest common factor of 234 and 52.
26
Calculate the highest common divisor of 1664 and 27872.
416
What is the greatest common divisor of 98 and 28?
14
What is the greatest common factor of 240 and 36?
12
What is the greatest common divisor of 75 and 30?
15
Calculate the greatest common divisor of 893 and 779.
19
Calculate the highest common divisor of 76 and 19.
19
Calculate the highest common factor of 552 and 8970.
138
Calculate the greatest common divisor of 507 and 39.
39
Calculate the greatest common factor of 12 and 480.
12
What is the greatest common divisor of 357 and 21?
21
What is the highest common divisor of 858 and 33?
33
Calculate the highest common factor of 438 and 12.
6
Calculate the greatest common divisor of 158 and 12798.
158
What is the greatest common divisor of 112 and 5908?
28
What is the greatest common divisor of 5915 and 195?
65
Calculate the highest common factor of 112 and 364.
28
What is the greatest common factor of 14 and 238?
14
What is the greatest common divisor of 189 and 2982?
21
Calculate the greatest common factor of 344 and 43.
43
What is the greatest common factor of 48 and 6576?
48
What is the greatest common divisor of 6 and 642?
6
Calculate the highest common factor of 368 and 48.
16
Calculate the highest common factor of 154 and 77.
77
What is the highest common factor of 22 and 3058?
22
What is the greatest common divisor of 5 and 34165?
5
Calculate the highest common factor of 9477 and 648.
81
Calculate the highest common divisor of 276 and 1012.
92
Calculate the greatest common factor of 3 and 12.
3
Calculate the highest common factor of 567 and 126.
63
Calculate the highest common factor of 10 and 30805.
5
Calculate the highest common factor of 182 and 9178.
26
What is the greatest common factor of 1411 and 408?
17
What is the greatest common factor of 87 and 1?
1
What is the greatest common divisor of 625 and 250?
125
What is the highest common factor of 376 and 47?
47
Calculate the greatest common factor of 67 and 2144.
67
What is the greatest common divisor of 84 and 12?
12
What is the highest common factor of 564 and 84?
12
Calculate the highest common divisor of 238 and 17.
17
What is the highest common divisor of 81 and 9801?
81
Calculate the greatest common divisor of 42 and 24.
6
Calculate the greatest common factor of 22620 and 12.
12
What is the highest common factor of 160 and 7760?
80
What is the highest common divisor of 60 and 320?
20
Calculate the greatest common factor of 12702 and 12.
6
What is the greatest common divisor of 291 and 3?
3
What is the greatest common divisor of 442 and 204?
34
Calculate the greatest common factor of 90 and 5115.
15
What is the highest common factor of 9494 and 94?
94
Calculate the greatest common divisor of 2376 and 12.
12
Calculate the greatest common factor of 2573 and 1079.
83
Calculate the greatest common divisor of 42 and 987.
21
What is the highest common factor of 21 and 1204?
7
Calculate the greatest common factor of 130 and 975.
65
What is the greatest common divisor of 3115 and 70?
35
Calculate the highest common factor of 39 and 29809.
13
What is the highest common divisor of 13 and 9984?
13
What is the greatest common factor of 112 and 42?
14
Calculate the greatest common divisor of 351 and 18.
9
Calculate the greatest common factor of 36 and 9954.
18
What is the greatest common factor of 231 